= d. Suppose -n*m = -153 - 71. What are the prime factors of m?
2, 7
Suppose 3*w = 8*w + 3*r - 365, w - 55 = 3*r. List the prime factors of w.
2, 5, 7
Let s = 23 - 24. Let v(z) = 22*z**2 - 2. What are the prime factors of v(s)?
2, 5
Let r(f) = -f**2 + f + 24. Let j = 23 + -23. List the prime factors of r(j).
2, 3
Let d(x) = x**2 - 7*x + 5. Let i be d(7). Suppose 9*n - 40 = i*n. List the prime factors of 1/2 + 225/n.
23
Suppose 4*l - 17 - 47 = 0. Let m = l - 14. Suppose 5*o = -4*b + 60, -m*o + 6*b - 4 = 2*b. List the prime factors of o.
2
What are the prime factors of 47248/208 + 2/(-13)?
227
Let s = 25 + -22. Suppose -4*n - s - 13 = 4*y, -n = -4. What are the prime factors of (18/y)/((-8)/128)?
2, 3
List the prime factors of 2163 + (1914/330 - (-1)/5).
3, 241
Let q be (44/(-6))/((-2)/75). Suppose 0 = -3*p - 2*f - f + 315, q = 3*p - 5*f. What are the prime factors of p?
2, 5
Let o = 1126 + -1080. Let x = 34 + -11. Let j = o + x. List the prime factors of j.
3, 23
Let l be 4/2 - (-3 + 3). Let x(t) = -l*t**3 - 3*t**2 + 4*t**3 + 5*t - 6 - 3*t**3. List the prime factors of x(-5).
19
Suppose 154 - 19 = 5*x. Let y(t) = -t**3 + 4*t**2 - 3*t - 4. Let o be y(3). Let p = x - o. List the prime factors of p.
31
Suppose 0 = -8*c + 12*c - 5*t - 1086, 2*c - t = 546. What are the prime factors of c?
2, 137
Suppose 8 = -5*v - 2, -4*r + 4*v = -24. Suppose y = -y + r. What are the prime factors of y?
2
Let m = 66 + 197. List the prime factors of m.
263
Suppose -2*q = 4*o - 710, -39*o + 37*o - 4*q + 364 = 0. List the prime factors of o.
2, 11
Let t(y) = 4*y**2 + 17*y + 38. What are the prime factors of t(-20)?
2, 11, 59
Let u(p) = -p**3 - 14*p**2 + 16*p + 17. Let z be u(-15). Let d(c) = c - 2*c + 4*c**2 + 0*c. What are the prime factors of d(z)?
2, 7
Let h(l) = l**3 + 8*l**2 - 2. Let b be h(-8). List the prime factors of (0 - b)/(1/14).
2, 7
Let c = -6477 + 9703. What are the prime factors of c?
2, 1613
Suppose -2*r + 12 = 4. Suppose 2*h - 8 = -2*h - n, 0 = r*h + 2*n - 4. List the prime factors of h.
3
Let h = -2 + 5. Suppose -2 - 37 = -h*w. List the prime factors of w.
13
Suppose 5*h - 1674 = 5871. What are the prime factors of h?
3, 503
Let k = 14 + -7. Suppose -5*m = -k + 22. Let c = m + 10. What are the prime factors of c?
7
Let g = -103 + 103. Suppose 3*s - 4 - 200 = g. What are the prime factors of s?
2, 17
Let o be (-6)/(-24) + 68/(-16). Let y(c) = -97*c + 2. Let z be y(o). Suppose 13*s = 18*s - z. What are the prime factors of s?
2, 3, 13
Let f(g) = 12*g**2 + 4*g + 22. List the prime factors of f(-7).
2, 3, 97
Let c(r) = r - 2. Let j be c(6). Suppose j*u = -u + 100. List the prime factors of ((-72)/15)/((-4)/u).
2, 3
Suppose 3*j - 4*o = 43, -o - o = 2*j - 10. Suppose j*y + 3*y - 2796 = 0. What are the prime factors of y?
233
Let o(m) = -219*m + 478. What are the prime factors of o(-17)?
4201
Let q = -699 - -710. Suppose -5*j + 370 = 5*i, -i - 6*j + 4*j + 69 = 0. Suppose q = 3*r - i. What are the prime factors of r?
2, 3, 5
Let i = 57 - 27. Suppose -97 = -w + i. List the prime factors of w.
127
Let z(w) = w**3 + 24*w**2 - 50*w + 1. List the prime factors of z(-19).
2, 13, 53
Suppose -17*x + 1197 + 10448 = 0. List the prime factors of x.
5, 137
Let f(w) = w**2 + 4. Let k be f(-4). Suppose 0 = t - k - 85. What are the prime factors of t?
3, 5, 7
Suppose 5*j = -2*h + 400, -3*h + 395 = 11*j - 6*j. What are the prime factors of j?
2, 41
Let a(d) = 83*d**2 - 6*d - 21. List the prime factors of a(-3).
2, 3, 31
Suppose 0 = -2*k + 7*k - 15. Suppose k*m = -m + 124. Suppose -4*o + 145 = -u + 34, 0 = o + 3*u - m. List the prime factors of o.
2, 7
Let j(b) = 23*b + 34. Suppose -37*f = -35*f - 8. List the prime factors of j(f).
2, 3, 7
What are the prime factors of (7*(-33)/(-42))/(1/194)?
11, 97
What are the prime factors of (133/(-21) + -5)*(-981)/6?
17, 109
Suppose -1723 = -4*g - k - 44, -k + 837 = 2*g. What are the prime factors of g?
421
Let d(k) = -9*k - 52. Suppose 0 = 5*h + 4*n + 60, -2*h - 5*n = 2*h + 48. List the prime factors of d(h).
2, 7
What are the prime factors of (18 + 1)/(7/217)?
19, 31
Suppose 5*o - 116 = 24. Let l = -19 + o. Suppose a = -2*q + l, -5*a = -0*a + 5*q - 65. What are the prime factors of a?
17
List the prime factors of 54/(7 + (-136)/20).
2, 3, 5
Let r(g) = 4*g**2 + 10*g - 8. Let c(w) = -2*w - 9*w + 9 - 8*w**2 + 3*w**2 + w. Let n(t) = 5*c(t) + 6*r(t). List the prime factors of n(5).
2, 11
Let s(v) = -v**2 - 12*v + 1. Let q(h) = 11*h. Let u(t) = -3*q(t) - 2*s(t). What are the prime factors of u(-4)?
2, 3, 11
Suppose 653*g = 672*g - 5396. What are the prime factors of g?
2, 71
Suppose 72*b + 28 = 74*b. What are the prime factors of b?
2, 7
Let a(l) = 6*l**2 - l. Let p = -25 - -21. Let n be a(p). Suppose -3*x + 2*z + 118 + 36 = 0, 0 = -2*x + 2*z + n. List the prime factors of x.
2, 3
Let h(q) = 4*q**3 - 7*q - 9*q**2 - 14*q**3 + 11*q**3 - 3. Let s be h(10). Let l = 47 - s. List the prime factors of l.
2, 5
Let u = 3 + 35. Let i = u + -3. Suppose -i = 5*o - 8*o + s, 40 = 3*o + 4*s. What are the prime factors of o?
2, 3
Let x(j) = -2*j + 39. Let g be (1 + -1)/((-2)/7*-7). List the prime factors of x(g).
3, 13
Let s = 1005 - 567. What are the prime factors of s?
2, 3, 73
Let t(c) = -c**3 + 10*c**2 - 11*c + 6. List the prime factors of t(8).
2, 23
Suppose 4*s - 2280 = 4*i, -3*s + 1710 = 4*i - i. List the prime factors of s.
2, 3, 5, 19
Let j be (-4)/16 + 26/8. Suppose j*w + 0*w - 12 = 0. Suppose -5*l + 3*q = -28, 3*l - 4 - 7 = -w*q. List the prime factors of l.
5
Let k be (-1 - -2)*(9 - 7). Suppose 0 = -w + 4*d + 26, -w = -k*w - d + 51. What are the prime factors of w?
2, 23
Let z(h) = h**2 + 13*h + 14. Let y be z(-12). What are the prime factors of y - (1 + -2 + -89)?
2, 23
Let x(q) be the third derivative of -q**5/60 + q**4/3 + 11*q**3/6 + 25*q**2. List the prime factors of x(7).
2, 3
Let t(w) = -5*w - 2. Let d be t(-1). Let l be ((-2)/d)/((-3)/18). What are the prime factors of 27 - (l - 2 - 1)?
2, 13
Let i(g) = g - 12. Let r be i(-9). Let d = r - -78. What are the prime factors of d?
3, 19
List the prime factors of (-10 - 145)/(-3 - 8/(-3)).
3, 5, 31
Let i(m) = 2*m**2 + 6*m - 9. Let s be (-40)/(-4)*(-6)/15. Let y = s - -8. List the prime factors of i(y).
47
Let v = -280 - -622. What are the prime factors of v?
2, 3, 19
Let b be -2 - -1 - 4*-61. Let z be (-8)/6*b/(-54). List the prime factors of (68/z + 2)*6.
2, 5
Let m = 1603 + -714. List the prime factors of m.
7, 127
What are the prime factors of 5/(-30) + 9366/36?
2, 5, 13
Let p be ((-917)/14)/(1/(-6)). Suppose 23*z = 26*z - p. List the prime factors of z.
131
Let x(m) be the first derivative of -5*m**4/24 - 5*m**3/6 + m**2 + 1. Let j(s) be the second derivative of x(s). What are the prime factors of j(-6)?
5
Suppose 58 = 2*k + 10. Let q = k - 21. Suppose -q*n = 4*j - 241, 4*j - 9*j = -3*n - 281. What are the prime factors of j?
2, 29
Let r be (-19 - -21)*(-6)/(-4). Suppose 4*o - r*j - 759 = -8*j, -768 = -4*o + 4*j. List the prime factors of o.
191
Let d = 5 - 1. Suppose 10 = d*t - 18. Let o(l) = l**2 - 3*l + 8. What are the prime factors of o(t)?
2, 3
Let s(u) = -18*u + 9. What are the prime factors of s(-6)?
3, 13
Suppose 11*b - 7763 + 2043 = 0. What are the prime factors of b?
2, 5, 13
Let a be (8/4)/2*-224. Let c = a - -452. What are the prime factors of c?
2, 3, 19
Let n(z) = -5 + z - 6 + 4. Let t be n(9). Suppose 4*f + 45 = 3*g + f, 0 = 3*g + t*f - 45. List the prime factors of g.
3, 5
Let y(h) = -125*h + 193. List the prime factors of y(-6).
23, 41
Let g = 44 + 314. List the prime factors of g.
2, 179
Let b be 142*((-9)/(-6) + 2). Suppose b - 193 = 2*m. Suppose 3*y = 5*g - 28 + m, 0 = 5*y - g - 170. List the prime factors of y.
3, 11
Suppose 25*v + 7440 = 45390. List the prime factors of v.
2, 3, 11, 23
Suppose -25*p = -27*p + 4. Let i be p/(-11) + (-3682)/77. Let r = i + 71. What are the prime factors of r?
23
Let c(p) = -53*p**3 + 5*p**2 + 4*p + 1. What are the prime factors of c(-2)?
19, 23
Suppose -130 = -16*d + 158. What are the prime factors of (-234)/10*((-132)/d + 4)?
2, 3, 13
Suppose 7080 = 9*f - 1191. List the prime factors of f.
919
Let s be (-3 - -23)/(-6 + 8). Let r(b) = 2*b**2 - 3*b - 11. List the prime factors of r(s).
3, 53
Let m(x) = x**3 + 8*x**2 - 3*x + 9. Let